e?
True
Is 105715 composite?
True
Is 15503 composite?
True
Is 38039 composite?
False
Is 16081 prime?
False
Is 177277 prime?
False
Is 235621 a composite number?
False
Is 261991 a prime number?
False
Is 1835 composite?
True
Is 68059 composite?
False
Is 685147 prime?
False
Is 83158 composite?
True
Is 135059 a composite number?
False
Is 42631 a composite number?
True
Is 59253 composite?
True
Is 57497 prime?
False
Is 451961 a prime number?
True
Is 1463411 a composite number?
True
Is 63929 a prime number?
True
Is 1507 a prime number?
False
Is 38861 a prime number?
True
Is 84347 a composite number?
False
Is 1361 prime?
True
Is 1662191 a prime number?
True
Is 3301631 a composite number?
False
Is 232303 prime?
True
Is 74395 composite?
True
Is 597169 composite?
False
Is 62171 a prime number?
True
Is 337049 a composite number?
False
Is 2265223 a prime number?
True
Is 5623 a composite number?
False
Is 1257071 composite?
False
Is 2885173 a composite number?
False
Is 18439 composite?
False
Is 16741 a prime number?
True
Is 198262 a composite number?
True
Is 2122574 a prime number?
False
Is 455521 a composite number?
True
Is 4189 a composite number?
True
Is 6029 composite?
False
Is 14493 prime?
False
Is 437 prime?
False
Is 129263 a prime number?
True
Is 4851971 prime?
True
Is 512893 composite?
True
Is 419801 prime?
True
Is 88498 composite?
True
Is 28979 a prime number?
True
Is 15 a composite number?
True
Is 111 composite?
True
Is 30541 prime?
False
Is 11197 prime?
True
Is 25967 composite?
True
Is 103241 a composite number?
True
Is 102671 a prime number?
False
Is 62395 prime?
False
Is 13307 prime?
False
Is 1253 prime?
False
Is 740119 composite?
True
Is 86711 composite?
False
Is 423649 a prime number?
True
Is 160501 prime?
False
Is 244141 a prime number?
True
Is 1357561 composite?
False
Is 47761 a composite number?
True
Is 197521 a composite number?
False
Is 16729 prime?
True
Is 30035 a prime number?
False
Is 5501 a composite number?
False
Is 22739 a prime number?
True
Is 313931 a composite number?
False
Is 10991 composite?
True
Is 199961 prime?
True
Is 1345 a composite number?
True
Is 102633 a composite number?
True
Is 1026221 prime?
False
Is 3209 a composite number?
False
Is 11965 composite?
True
Is 2298097 a composite number?
False
Is 4385 prime?
False
Is 11437 prime?
True
Is 9101 a prime number?
False
Is 2513801 composite?
False
Is 5079 a composite number?
True
Is 538319 prime?
False
Is 989 composite?
True
Is 283447 prime?
True
Is 49429 a composite number?
False
Is 27481 a prime number?
True
Is 92413 a prime number?
True
Is 97771 prime?
True
Is 160183 composite?
False
Is 14414 composite?
True
Is 916007 prime?
False
Is 3317 a prime number?
False
Is 87053 composite?
True
Is 1312921 a composite number?
False
Is 73291 a composite number?
False
Is 342466 composite?
True
Is 32321 prime?
True
Is 717917 a composite number?
False
Is 17473 composite?
True
Is 60859 prime?
True
Is 9257 a prime number?
True
Is 7691 composite?
False
Is 20067 a composite number?
True
Is 1543 prime?
True
Is 28729 a composite number?
False
Is 2179 composite?
False
Is 22141 prime?
False
Is 54039 prime?
False
Is 1423 a composite number?
False
Is 1995421 composite?
False
Is 12197 a composite number?
False
Is 597514 prime?
False
Is 202021 a prime number?
True
Is 1243337 a prime number?
True
Is 384577 composite?
False
Is 84947 a prime number?
True
Is 81811 prime?
False
Is 37703 a composite number?
True
Is 12941 a prime number?
True
Is 53693 a prime number?
True
Is 15253 prime?
False
Is 19639 a prime number?
False
Is 31601 composite?
False
Is 1409 a composite number?
False
Is 6537 prime?
False
Is 25057 prime?
True
Is 6791 prime?
True
Is 10831 composite?
False
Is 3139633 a prime number?
False
Is 66809 prime?
True
Is 101327 prime?
False
Is 16127 a composite number?
False
Is 74977 a composite number?
True
Is 21971 a composite number?
True
Is 4265 prime?
False
Is 18779 prime?
False
Is 1008949 a prime number?
False
Is 1027 composite?
True
Is 7471 a composite number?
True
Is 94883 composite?
True
Is 3407 a composite number?
False
Is 39481 a composite number?
True
Is 459562 prime?
False
Is 271483 a composite number?
False
Is 9753 composite?
True
Is 8519 prime?
False
Is 210437 a prime number?
True
Is 1106791 prime?
False
Is 198427 composite?
False
Is 4409 a prime number?
True
Is 11759 a composite number?
True
Is 112771 prime?
True
Is 174035 composite?
True
Is 169079 a prime number?
True
Is 619159 a prime number?
True
Is 1259 composite?
False
Is 130441 composite?
True
Is 1386821 a prime number?
True
Is 130859 prime?
True
Is 50335 composite?
True
Is 211 a composite number?
False
Is 177533 a composite number?
False
Is 39671 prime?
True
Is 974999 prime?
True
Is 3755927 a prime number?
False
Is 201307 a prime number?
True
Is 832703 a prime number?
True
Is 53077 prime?
True
Is 41333 a prime number?
True
Is 164877 a composite number?
True
Is 142357 a composite number?
False
Is 908041 a composite number?
False
Is 15242 a prime number?
False
Is 27539 composite?
False
Is 1513 a prime number?
False
Is 492961 composite?
True
Is 17049 prime?
False
Is 84895 a prime number?
False
Is 100333 composite?
False
Is 96259 a composite number?
False
Is 15427 prime?
True
Is 541 a prime number?
True
Is 2019 prime?
False
Is 12451 composite?
False
Is 19333 composite?
False
Is 157769 a prime number?
True
Is 1204097 a prime number?
True
Is 1943 a composite number?
True
Is 185693 a composite number?
False
Is 18671 prime?
True
Is 1856507 prime?
True
Is 42503 a prime number?
False
Is 103867 a prime number?
True
Is 2285 a prime number?
False
Is 15889 prime?
True
Is 2157989 prime?
True
Is 224291 prime?
True
Is 121567 prime?
False
Is 4045 prime?
False
Is 6132355 composite?
True
Is 11017 a composite number?
True
Is 19207 a prime number?
True
Is 3184811 prime?
False
Is 13894 a composite number?
True
Is 925237 prime?
True
Is 164291 a composite number?
False
Is 402779 prime?
False
Is 878809 composite?
True
Is 502187 composite?
True
Is 741841 a composite number?
True
Is 14429 a composite number?
True
Is 13323 a prime number?
False
Is 1777 a composite number?
False
Is 42589 a prime number?
True
Is 23099 a composite number?
False
Is 14761 prime?
False
Is 1376603 composite?
False
Is 700901 composite?
True
Is 11465 a prime number?
False
Is 195659 composite?
False
Is 778137 composite?
True
Is 110267 a prime number?
False
Is 67879 a prime number?
False
Is 215113 a composite number?
True
Is 123103 composite?
True
Is 298929 composite?
True
Is 12713 prime?
True
Is 325849 a prime number?
True
Is 223511 composite?
True
Is 15689 a composite number?
True
Is 32687 composite?
False
Is 58129 a composite number?
False
Is 24343 a composite number?
True
Is 473761 a composite number?
False
Is 3163 prime?
True
Is 205759 a prime number?
True
Is 315313 a prime number?
True
Is 597997 a composite number?
False
Is 1318 composite?
True
Is 2481 a composite number?
True
Is 57413 a prime number?
True
Is 21871 composite?
False
Is 272063 a prime number?
False
Is 33127 a prime number?
False
Is 168811 a composite number?
True
Is 411239 prime?
False
Is 826867 a composite number?
False
Is 8147 prime?
True
Is 22669 prime?
True
Is 344899 composite?
True
Is 12929 composite?
True
Is 12071 a prime number?
True
Is 12169 prime?
False
Is 2247295 prime?
False
Is 1684885 a prime number?
False
Is 35191 a prime number?
False
Is 734471 composite?
False
Is 35027 a composite number?
False
Is 5311 a prime number?
False
Is 7039 a composite number?
False
Is 65323 a composite number?
False
Is 2179 composite?
False
Is 37659 composite?
True
Is 267629 composite?
False
Is 396563 prime?
True
Is 77797 a prime number?
True
Is 328481 a composite number?
False
Is 34499 composite?
False
Is 1412305 prime?
False
Is 793693 prime?
False
Is 5327 prime?
False
Is 87602 prime?
False
Is 49363 a composite number?
False
Is 5731 composite?
True
Is 16267 prime?
True
Is 146193 composite?
True
Is 252277 composite?
False
Is 1449203 a composite number?
True
Is 169951 a prime number?
True
Is 117031 prime?
False
Is 661931 a composite number?
False
Is 2015137 prime?
False
Is 105382 composite?
True
Is 158843 a composite number?
False
Is 73779 prime?
False
Is 2879 a composite number?
False
Is 42751 a composite number?
False
